 4 - i. Calculate r(-8).
-6
Let b(k) = k**2 + 11*k + 9. Let r(i) = 4*i - 83. Let j be r(18). Give b(j).
9
Let z(j) = -3*j + 10. Let r(f) = 4*f + 29. Let b be r(-5). Give z(b).
-17
Let r(l) = l + 2. Let x(d) = 1. Let c(n) = -r(n) + 5*x(n). Let k be (9/3)/3 - 3. Let u be 2/(-9) + k/(-9). Give c(u).
3
Let a(l) be the second derivative of l**3/6 + 2*l - 29. Determine a(1).
1
Suppose 0*z + 12 = 3*z. Suppose -2*k = 2*w, 0*k + 5*w = k. Let h(o) = -122 + o + 127 + k*o. Calculate h(z).
9
Let x(c) = 4*c**2 - 39*c + 7. Let b(g) = -4*g**2 + 44*g - 8. Let s(d) = -4*b(d) - 5*x(d). Determine s(5).
-8
Let c be ((-54)/4)/((-9)/12). Let z(r) = r**2 - r + 11. Let t be z(0). Let x(q) = 0*q - c - q + t. Give x(-6).
-1
Let y(g) = 5*g + 21*g - 33*g. Give y(-2).
14
Let d(v) = 4*v - 1. Let q(p) = 14*p - 12. Let x(j) = -4*d(j) + q(j). Give x(6).
-20
Let i(p) be the first derivative of -18*p**2 + 200. Calculate i(-1).
36
Suppose 5*h = 2*v - 19, 0 = 4*v - 2*h + 3 - 1. Let x(s) = s. Let a(n) = 7*n + 2. Let p(u) = a(u) - 6*x(u). What is p(v)?
-1
Let r(t) = t**3 + 5*t**2 + 2*t - 1. Suppose 0 = 2*f - n - 4 - 5, 5*f - 4*n - 30 = 0. Suppose 4*b + 1 = 6*b + 3*m, -3*m = -f*b - 17. Determine r(b).
7
Suppose -2*m = -0*m. Suppose m*h - h = -2. Suppose 0 = -3*p - 5*k - 22, -6*p - h = -3*p - 5*k. Let c(s) = -s**2 - s + 5. Give c(p).
-7
Let g(c) = c**2 - c. Let j be (-6)/(2 - 5)*-15. Suppose -l = 2*z - 66, 4*z - 3*z - 33 = 3*l. Let b = z + j. Calculate g(b).
6
Let u(p) = -p**2 + 3*p + 6. Suppose 0*m + m - 3 = -2*l, 28 = 2*l - 4*m. Let i be u(l). Let j(y) = -2*y**i + 4*y**2 + 4*y - 3*y**2. What is j(4)?
0
Let h(q) = -q**2 + 3*q + 5. Let r = -496 + 501. Calculate h(r).
-5
Let u be 9/36 - (-9)/(-4). Suppose 0 = -y - 5*n + 29, 3*y + 3*n - 27 = -0*y. Let k(h) = -137 + 137 - y*h. Determine k(u).
8
Let l(b) = 6*b**3 + 9*b + 8*b - 16*b. Let n(f) = -f**2 + 3*f - 1. Let k be n(1). Let a be 8/(-7) + k/7. Determine l(a).
-7
Let q(u) = 4*u**2 - u - 1. Let j be q(-1). Suppose j*z - 2*z = 0. Let k(i) = 6*i**3 - 5*i**3 - i**2 - 1 - 3 + i. What is k(z)?
-4
Let l(v) = 3*v**2 - 13*v - 1. Let x(y) = 4*y**2 - 19*y - 2. Let t(g) = 7*l(g) - 5*x(g). Determine t(-3).
0
Let a(x) be the third derivative of x**5/60 + x**4/12 + 3*x**3/2 - 356*x**2. Give a(0).
9
Let a(v) = -3*v**3 - v**2 + 2*v. Suppose -8 = -y + 2*o, -3*o - 35 + 10 = 5*y. What is a(y)?
16
Let n(t) = -t**3 + 3*t**2 - 2*t + 3. Let u(o) = 12*o**2 + o - 1. Let k be u(1). Suppose 5*m = 2*p + k + 13, 5*p - 4*m = -88. Let d = p - -23. Calculate n(d).
-3
Suppose r - 3*h = 1, 4 - 6 = r - 4*h. Let b(s) = -s**3 + 11*s**2 - 12*s + 7. Calculate b(r).
-13
Let y(t) be the first derivative of t**3/3 - 5*t**2/2 + 2*t - 1528. Let j(k) = k**2 + 3*k - 5. Let r be j(-5). Determine y(r).
2
Suppose -r - 3*w - 17 = 20, 0 = -4*r - 5*w - 127. Let t be 7/r + (-66)/(-8) - 3. Let l(p) = -p**3 + 5*p**2 + 2*p - 2. What is l(t)?
8
Let s(u) = -u - 8. Suppose 2*t - 3*t - 12 = -4*a, -36 = -4*t - 5*a. Let h be (-975)/135 + t/18. Calculate s(h).
-1
Let h(z) = 17*z**3 - 17*z**2 + 2*z + 13. Let i(o) = -9*o**3 + 8*o**2 - o - 6. Let r(x) = 6*h(x) + 13*i(x). Give r(1).
-14
Suppose -10*b + 18 = -8*b. Let h(k) = 2*k - 22. Let d be h(b). Let z(l) = 2*l + 3. What is z(d)?
-5
Let p = 3 + -8. Let a(w) be the second derivative of -w**4/12 - 5*w**3/6 - 65*w. Determine a(p).
0
Let x(o) = -40*o**2 - 17*o + 3. Let l(w) = 9*w**2 + 4*w - 1. Let u(c) = 9*l(c) + 2*x(c). Determine u(3).
12
Let q = 8 - 3. Let a(m) be the first derivative of -1/3*m**3 + 7/2*m**2 + 2 - 7*m. Determine a(q).
3
Let u(n) = 5*n**3 + 7*n**2 + 13*n - 6. Let b(w) = w**3 + 2*w**2 + w - 2. Let v(c) = 6*b(c) - u(c). Calculate v(-6).
0
Let c = 287 - 287. Let a(m) = -m**3 + m**2 + m + 9. Calculate a(c).
9
Let h(g) = 17*g - 1. Suppose -4*d - 16 = -2*a - 0*d, 4*a - 5*d - 20 = 0. Let s be a/(-1 + -3 + 1). Suppose 10*x - 13*x + 3 = s. What is h(x)?
16
Let j(k) be the third derivative of -k**3 - 1/60*k**5 + 0*k + 5*k**2 + 0 + 0*k**4. Give j(0).
-6
Suppose 158*r - 154*r + 20 = 0. Let c(w) = w**3 + 4*w**2 - 4*w - 3. Determine c(r).
-8
Suppose 0 = -5*o - 3*v - 59, 0 = 5*o - 3*v + 93 - 22. Let a(w) = -w**3 - 14*w**2 - 13*w - 2. Determine a(o).
-2
Let s(g) = g**2 + 5*g + 10. Suppose 2*j + 4*x = -14, -117*x - 35 = 5*j - 112*x. Determine s(j).
24
Suppose -u + 2 = x, -6*u + 0*x + x = 2. Let y(n) be the second derivative of 9*n + 1/2*n**2 + u - 1/3*n**3. Determine y(-5).
11
Let m(v) = v**3 + 5*v**2 + 2*v - 1. Let a be 8/(-3)*(-3)/(-2). Determine m(a).
7
Let f(r) be the first derivative of -r**6/120 + r**5/20 + r**4/24 + r**3/6 - 12*r**2 + 8. Let v(b) be the second derivative of f(b). What is v(3)?
4
Let k(g) = 7*g**2 + g. Let o = 4 - -20. Suppose o = 4*i + 4*u, -4*i + 2 = -u + 3. Calculate k(i).
8
Let q(r) = 5*r**3 + 15*r**2 - 2*r. Let z(w) = -22*w**3 - 62*w**2 + 6*w. Let l(s) = -13*q(s) - 3*z(s). Determine l(8).
0
Let r(p) = -p - 1. Let s(n) = n**2 + 0*n**3 - 2*n**2 + 4*n + 4 + 3*n**2 + n**3. Let l(c) = 5*r(c) + s(c). Calculate l(2).
13
Let q(v) be the third derivative of v**5/60 + v**4/3 - 5*v**3/3 + 316*v**2. Determine q(-9).
-1
Let u(s) = s**3 + 4*s**2 - 7*s - 4. Suppose -10 = -3*q + 2. Let b(f) = -f**3 - f**2 - 4*f - 3. Let d be b(-2). Suppose d = -m + q. Give u(m).
6
Let b(u) = 2*u**3 + 5*u**2 - 5*u + 1. Let i(w) = -2*w**3 - 3*w**2 + 3*w - 1. Let x(o) = -3*b(o) - 5*i(o). Give x(2).
34
Let d(o) be the third derivative of 0 - 1/180*o**6 + 0*o**3 + 1/40*o**5 + 0*o + 6*o**2 + 1/12*o**4. Let f(v) be the second derivative of d(v). Give f(2).
-5
Let b = -51 + 55. Let z(m) = 2*m + 4. Let u(k) = 3*k + 8. Let i(n) = b*u(n) - 7*z(n). Suppose 2*f + 0 - 6 = c, 0 = -2*f + 4*c. Calculate i(f).
-4
Let v(a) = 5*a - 8. Let j(y) = -6*y + 8. Let t(s) = -6*j(s) - 7*v(s). Let d(k) = 2*k + 16. Let p(f) = -3*d(f) + 7*t(f). Give p(-7).
1
Let h = 11 + 4. Let m(q) = -q**3 + 15*q**2 + q - 11. Calculate m(h).
4
Let p(u) = -10*u**2 - 28*u + 1. Let l(a) = 12*a**2 + 36*a - 2. Let v(n) = 4*l(n) + 5*p(n). Determine v(3).
-9
Let a(r) be the first derivative of 3*r**4/4 + r**3/3 + r**2 + r + 6. Let w be (-1)/(15/(-9))*5. Suppose 2*t - 3 = 5*t - w*c, 5*t - 3*c = -5. Calculate a(t).
-3
Suppose -4*z = 28 - 8. Let v(m) = -m**3 - 4*m**2 - 7. Determine v(z).
18
Suppose 755*k + 8 = 763*k. Let p(u) be the second derivative of u**5/5 + u**4/12 - u**3/6 + u**2/2 - u. Give p(k).
5
Let j(h) = h**2 + 2*h. Suppose 0 = -9*f - 1 - 8. Let c be 1/(f + 2 + -2). Calculate j(c).
-1
Let g(w) = 16*w + 16. Let m(u) = 0 + 2 + 0*u - 5 - 3*u. Suppose 4*y = -8 - 0. Let f(n) = y*g(n) - 11*m(n). What is f(2)?
3
Suppose -4 - 4 = 2*h. Let d(f) = -4*f**2 + 5*f**2 + f**3 + 6 + 4*f**2 + 5*f. Give d(h).
2
Let m(y) = y**3 + 3*y**2 - y + 3. Suppose d + 5*s = 11, 5*d - 10*d + 4*s - 3 = 0. Let f be -6 + 3 + (1 - d). Calculate m(f).
6
Let k(r) = r - 1. Let x be (2 + -1 + 0)*3. Suppose -4 = j - x*j. Suppose -30 = j*c - 7*c. What is k(c)?
5
Let w(f) = -f**3 - 2*f + 2. Let c be w(2). Let k(n) = -1 - 252*n + 250*n + 2 - 15. Calculate k(c).
6
Suppose -7*w + 0*w + 56 = 0. Suppose 2*i + w = 0, -12 = 5*s + i - 3*i. Let m(c) = -c**2 - 6*c - 6. Calculate m(s).
2
Let i(n) = -4*n + 7. Let a(w) = 5*w - 7. Let c be (-95)/(-15) - (-1)/(-3). Let p(r) = c*i(r) + 5*a(r). Give p(-5).
2
Let f(y) be the first derivative of -1/2*y**2 + y**3 + y + 35. Give f(2).
11
Let b(f) = 3*f**2 - 11*f - 4. Let p(i) = i**2 - i. Let t(u) = -b(u) + 4*p(u). Let s = -19 - -13. What is t(s)?
-2
Let g(t) = 2*t**2 - 2*t. Let i be g(2). Suppose -4*v - i = -8*v. Let f = -1 - v. Let w(s) = s**3 + 4*s**2 + 2*s - 1. Calculate w(f).
3
Let h(u) = 4*u**3 + 3*u**2. Suppose -4*p = a - 24, 5*a + 2*p - 6 = 6*a. Suppose 29 = a*g + 37. Give h(g).
-20
Let c be 561/(-77) + -3 + 69/21. Let j(f) = -f**2 - 5*f + 5. Determine j(c).
-9
Suppose -5*a = 15, 6 = 3*t - t + 4*a. Let o(w) = -9 + t*w + 3 - 7*w. Determine o(7).
8
Let f(u) = u**2 + 8*u. Suppose 0 = -4*b + 26 - 178. Let n = -45 - b. Give f(n).
-7
Let f(x) be the third derivative of 0 + 1/60*x**5 + 3/2*x**3 - 4*x - x**2 + 1/4*x**4. What is f(-7)?
16
Let z(r) be the second derivative of -r**4/12 + 5*r**3/6 - 3*r**2/2 + 9*r. Let u be z(3). Let o(g) = -g**3 + g**2 + 4*g - 4. Give o(u).
-10
Let f(c) = c + 10. Let o be f(-5). Suppose 3*x + 2*w = w + 8, 1 = 2*x + o*w. Let v(r) = 6 - 4*r**2 + r**x - r + 3*r**2 + 0*r**2. Give v(0)